ond derivative of -o**4/12 - o**3 - o**2 + 5*o. Suppose 2*h + 4*p - 8 = 3*h, -p = -3*h - 13. Determine i(h).
6
Suppose 10*t = -4*t + 28. Let y(k) = k**2 - 3*k + 1. Calculate y(t).
-1
Let a(n) = 2*n. Let r = -1 + 4. Suppose 5*l + 65 = 5*f - 0*f, 0 = r*f - 4*l - 39. Suppose 5*b = 2*s - s + f, 23 = -5*s + 4*b. Determine a(s).
-6
Let t(s) be the second derivative of -s**5/20 - s**4/4 + s**3/6 + 21*s. Calculate t(-4).
12
Suppose -3*g = -5*g - 2. Let n be (-9)/(-2)*(-8)/(-12). Let i(d) = 2*d**3 - 5*d**3 + 2*d**3 - d**2 + 0*d**n - 1. What is i(g)?
-1
Let r(a) = a**3 + 3*a**2 - 4*a - 1. Let b = -4 + 0. Give r(b).
-1
Let w(g) = g**2 - 2*g + 5. Let b be -4*(4/2 - 1). Let p(u) = u - 2. Let d(n) = -6*n + 11. Let h(r) = 2*d(r) + 11*p(r). Let m(l) = b*h(l) - w(l). Determine m(4).
3
Let s(o) = -o**2 - 4*o - 2. Let h(p) = 1. Let r(g) = -3*h(g) - s(g). Let j(y) = -2*y + 1. Let c be j(-1). Let q(t) = t**2 - 3*t - 4. Let x be q(c). Give r(x).
-1
Let m = -7 + 11. Let g(u) = 4*u**2 + 4*u - 2. Let q(p) = 5*p**2 + 5*p - 3. Let d(j) = m*g(j) - 3*q(j). Give d(-1).
1
Let s(u) be the third derivative of u**6/10 - 6*u**2. Give s(1).
12
Let y(o) be the second derivative of o**4/12 + o**3 - 4*o. Give y(-5).
-5
Let w(i) = i + 7. Let f be 3 + -1*(-1 - -2). Suppose 7 + 5 = -f*z. Calculate w(z).
1
Let o(i) = 7*i**3 - 5*i**2 - 9*i + 9. Let v(a) be the third derivative of -a**6/40 + a**5/20 + a**4/6 - 5*a**3/6 - a**2. Let b(j) = -2*o(j) - 5*v(j). Give b(5).
-3
Let g(d) = 2*d**2 - d + 2. Suppose 3*r = -p - 26, 4*r + 28 = -0*r + 2*p. Let h be ((-4)/r)/(1/8). Suppose 5*m = 4*s - 6, 2*s = 4*m + h*s - 16. What is g(m)?
8
Let x(s) = -s**3 + 7*s**2 - 2. Let m(v) = 3*v**2 - 7*v + 1. Let o be m(3). What is x(o)?
-2
Let c = -7 - -7. Let h(s) = 1. Let t(y) = -y - 2*y + 4*y + 4. Let f(a) = 5*h(a) - t(a). Determine f(c).
1
Let n(k) = -k - 11. Let b = 6 - 11. Give n(b).
-6
Let v(a) = -3*a - 7. Let n(c) = 13*c + 29. Let r = -10 - -12. Let s(o) = r*n(o) + 9*v(o). Let l be -9 + 6/(5 - 3). Calculate s(l).
1
Let d(r) = 2*r**2 - 1. Let j be d(-3). Let v(n) = j + n - 19 - 2*n. Give v(-3).
1
Let o be -1 - (1 - 2)*-2. Let p(g) = -1. Let n = 3 + 3. Let b(l) = -2*l + 3. Let h(q) = n*p(q) + b(q). Calculate h(o).
3
Suppose 3*k + 2 - 3 = -2*w, 2*k = -w. Let t be 0/(-1*(1 - k)). Let u(f) = t*f - 2 - f + 2. Calculate u(1).
-1
Let f(k) be the first derivative of -k**3 + 19*k**2/2 - 11*k - 5. Let d(w) = w**2 - 9*w + 5. Let x(m) = 5*d(m) + 2*f(m). Determine x(-7).
3
Let j(v) = -3*v + 6 - 8*v**2 + 14*v**2 - 7*v**2. Determine j(-5).
-4
Let d(a) = 1 + 13*a - 11*a + 2*a**2 - 10*a**3 + 5*a**3 - 17*a**3. Determine d(-1).
23
Let s(k) be the third derivative of 0 - 1/12*k**4 + 0*k - 6*k**2 + 1/6*k**3. Suppose -m + 0*z + 2 = -z, 2*m + 3*z + 16 = 0. Give s(m).
5
Let q(l) = -13 + 0*l + 24 - 5 + 3*l. Suppose -2*x + 6 = 18. Determine q(x).
-12
Let a(m) be the second derivative of m**7/840 - m**6/72 + m**5/60 + m**4/8 + m**3/2 - 2*m. Let z(p) be the second derivative of a(p). Determine z(4).
-5
Let r(x) = -x**3 - 3*x**2 - 5*x + 1. Let q(z) = z**2 + z + 1. Let f(c) = -6*q(c) + r(c). What is f(-7)?
-26
Let q(k) = k**2 + 9. Let w be q(0). Suppose 0 = 4*l - 2*u + 5 + w, -20 = 5*l - 2*u. Let h(r) = r**3 + 5*r**2 - 7*r - 7. Determine h(l).
-1
Let u(w) = -w**3 + 5*w**2 - 6*w. Suppose -m - 5*d = -13, -2*m + 4*d + 2 = 2*d. Let f = m - -1. Give u(f).
-8
Let k(i) = -i. Let u(n) = 12*n + 6. Let c(j) = 10*k(j) + u(j). Calculate c(-6).
-6
Suppose -4*z + 2*n + 2 + 0 = 0, 3*z - 3*n = -6. Let d(c) = -z*c - 1 - 2*c**2 + 4 + 2*c + c**2. What is d(0)?
3
Let i = -2 + 2. Suppose 16 = 2*m + 2*m. Let n(w) = -w**2 - 1 + w - w**3 + m + 5. Calculate n(i).
8
Let i(t) = 3*t**3 - 6*t**2 - t. Let o(s) = 2*s**3 - s - 1. Let d(f) = -i(f) + 2*o(f). Suppose 3*x + 0*a + 3*a = -15, -a = -3*x - 19. Give d(x).
4
Let k(u) = -u**2 + 5*u - 5. Let o(p) = -p**3 - 5*p**2 - 7*p - 7. Let q be o(-4). Determine k(q).
-5
Let m(t) = -t**2 - 5*t - 2. Let c = 1 - 3. Let n be 0*(-4)/8 + c. Determine m(n).
4
Let l(b) = b**3 - 4*b**2 - 5*b + 5. Let f = -24 + 49. Let c = f + 5. Let z be (7/((-21)/c))/(-2). What is l(z)?
5
Let b(r) = -6*r - 7*r + 8 - 5*r**2 - r**3 - 2*r**2 + 8*r. What is b(-6)?
2
Let n(r) = -r**2 + 3*r + 1. Suppose -5*w + 7*w - 10 = 0. Suppose -w*y + 12 + 3 = 0. Give n(y).
1
Let y(o) = o + 4. Suppose -x + 4*t = -3, 4*x - t + 24 = -3*t. Determine y(x).
-1
Let s(f) = -2*f + 1. Let u be s(-2). Suppose -2*x + 14 = u*p - x, 0 = 2*p + x - 8. Let o(k) = 1 - k + 7*k**2 - p + 0*k. What is o(-1)?
7
Let b(p) = p - 5. Let s(q) = q**3 - 11*q**2 + 12*q - 16. Let m be s(10). Calculate b(m).
-1
Let n = 0 + 0. Let v(o) = -o**3 + 5*o**2 + 6*o + 4. Let p be v(6). Let i(u) = 4 + n*u + 2*u - p*u + 3*u. What is i(-5)?
-1
Let w(m) = -3*m. Let s(c) = -2*c. Let d(f) = -5*s(f) + 4*w(f). Suppose 20 = -2*q + 4*a, 3*a - 4 - 11 = 4*q. Suppose q - 6 = 2*n. Determine d(n).
6
Let u(f) be the first derivative of f**4/4 + 2*f**3/3 - 3*f**2/2 + 17. What is u(-3)?
0
Let v(t) = -t + 13. Let q be v(7). Let w(l) = 5*l**3 + 0 - 6*l**2 + q*l - 1 - 1 - 4*l**3. Give w(5).
3
Let p(r) = 3*r**2 - 4*r. Let y(u) = u**2 + 1. Let j(l) = p(l) - 4*y(l). Let k(m) = m**3 + m + 1. Let z(s) = j(s) + 4*k(s). Give z(-1).
-5
Suppose 0 = 3*q + 2*q. Suppose 2 = t - h - q, 5*h + 16 = -t. Let j(u) be the second derivative of u**5/5 - u**4/6 + u**2/2 - 3*u. Determine j(t).
-5
Let l(w) = w**3 + 3*w**2 + w + 4. Suppose k + 19 + 51 = 0. Let u be k/(-40) + 1/4. Suppose -5*q + 4*q + 7 = -4*o, -q = -o + u. What is l(o)?
1
Suppose 5*q + 6 = 7*q. Let l(u) = u**3 - 2*u**2 + 3*u - 4. Give l(q).
14
Let d(w) = -4 - 10 + 5 + 2 + 3*w. Calculate d(7).
14
Let j(x) = -x**3 - 3*x**2 + 2*x + 3. Let g be 0*(-2 + 10/6). Let m(z) = -z**3 + z**2 - 2*z - 4. Let d be m(g). What is j(d)?
11
Let l(b) = 2*b - 1. Let r = 0 - 4. Determine l(r).
-9
Let w(r) = -4*r**2 - 9*r - 5. Let g(p) = 11*p**2 + 27*p + 15. Let v(u) = -3*g(u) - 8*w(u). Give v(-6).
13
Let z(y) = 2*y - 8. Let x(d) = 4*d - 17. Let h(m) = 6*x(m) - 13*z(m). Determine h(4).
-6
Let j(x) = -x**2 - 12*x - 15. Let a = -164 + 154. Give j(a).
5
Let r(w) = -2*w**3 + 19*w**2 - 7*w - 8. Let t(x) = x**3 - 10*x**2 + 3*x + 4. Let d(m) = 3*r(m) + 5*t(m). Calculate d(6).
-4
Let b(q) = -2*q - 1. Suppose -12*a = -16*a + 20. Give b(a).
-11
Let u(c) be the second derivative of c**3/6 - c**2/2 + c. Determine u(-3).
-4
Let c(u) = u**2 + 6*u - 1. Suppose -5*k + 7 = 22, 0 = -3*o - 5*k + 15. Suppose 0 = 5*s + 3*f + 25, f + o = -s - s. Give c(s).
-6
Let z(v) be the first derivative of v**3/3 + v**2 - 2*v - 17. Calculate z(-3).
1
Let i(o) = -o**3 + 3*o**2 + o + 2. Let n be (-2)/10 - 160/(-50). Give i(n).
5
Let o(h) be the second derivative of h**5/20 + 5*h**4/12 + h**3/3 + 7*h**2/2 + 6*h. Calculate o(-5).
-3
Let h(n) be the third derivative of -n**6/120 + n**5/12 - n**4/24 - 2*n**3/3 - n**2 + 25. Determine h(4).
8
Let v(a) = -a - 7. Let o be v(-10). Suppose -5 = -o*y + 1. Let g be (30/9)/(y/3). Let l(b) = -b**3 + 4*b**2 + 5*b + 7. What is l(g)?
7
Let u be ((-3)/(-6))/((-1)/(-4)). Let a(y) = y - 4*y**3 + 2*y**3 + 3*y**3 + y**u. Determine a(0).
0
Suppose -3*w = -13 - 14. Suppose 0 = -2*d + t + 23, 5*t + 3 = -d + w. Let n(r) = -2*r - 6. Let a(m) = -4*m - 11. Let i(k) = d*n(k) - 6*a(k). What is i(-4)?
-8
Let x(r) = -5*r - 22. Let i be x(-5). Let m(l) = 6*l. Let g(o) = o. Let v(c) = -21*g(c) + 4*m(c). What is v(i)?
9
Let x be (-1*1)/((-5)/(-10)). Let k(f) = -f**2 - 3*f - 2. Let g(l) = -6*l**2 - 16*l - 11. Let m(r) = 4*g(r) - 22*k(r). What is m(x)?
-12
Let r(x) = -10*x**2 - x. Let o(k) = -2*k**3 - k**2 + 1. Let d be o(-1). Suppose d*b = -2*b - 4. Give r(b).
-9
Let k(c) = c + 1. Let s(o) = -o + 5. Let d(i) = -2*k(i) - s(i). Give d(-8).
1
Suppose 4*i + 1 = -3. Let j(p) = -13*p**3 + 1. What is j(i)?
14
Let i(h) = 1 - 3 + 5 - 5*h + 3*h. Calculate i(-3).
9
Let r be (16/6)/((-8)/(-12)). Let y(a) = a**2 + 0 + r*a - a - 1. Determine y(-4).
3
Suppose 0 = -3*t + 3*i + 30, 4*i + i = 2*t - 26. Let k(g) = 5 + 1 - t*g + 4*g + g**2. Let l be (-3)/(-1)*15/9. Give k(l).
11
Let q = -4 + 4. Let p(y) = -y + 5*y**3 + 5*y**2 - 6*y**3 + q*y**2 - 2. Let c be (8/12)/(2/15). Determine p(c).
-7
Let c = 1 + 3. Let z(g) = -9*g**3 + c + 2*g**2 - 1 - 4. Give z(-1).
10
Let s(w) = w**3 - 8*w**2 + 8*w - 4. Let t be s(7). Let o(r) = r. Calculate o(t).
3
Le